{"id":2,"date":"2021-01-20T13:39:54","date_gmt":"2021-01-20T13:39:54","guid":{"rendered":"http:\/\/www.jfo.pt\/jfo.pt\/?page_id=2"},"modified":"2021-02-12T00:16:12","modified_gmt":"2021-02-12T00:16:12","slug":"sobre-nos","status":"publish","type":"page","link":"https:\/\/www.jfo.pt\/jfo.pt\/","title":{"rendered":"Sobre n\u00f3s"},"content":{"rendered":"\n<p><img loading=\"lazy\" decoding=\"async\" width=\"600\" height=\"122\" class=\"wp-image-41\" style=\"width: 600px;\" src=\"https:\/\/www.jfo.pt\/jfo.pt\/wp-content\/uploads\/2021\/01\/rodape.png\" alt=\"\" srcset=\"https:\/\/www.jfo.pt\/jfo.pt\/wp-content\/uploads\/2021\/01\/rodape.png 1146w, https:\/\/www.jfo.pt\/jfo.pt\/wp-content\/uploads\/2021\/01\/rodape-300x61.png 300w, https:\/\/www.jfo.pt\/jfo.pt\/wp-content\/uploads\/2021\/01\/rodape-1024x208.png 1024w, https:\/\/www.jfo.pt\/jfo.pt\/wp-content\/uploads\/2021\/01\/rodape-768x156.png 768w\" sizes=\"auto, (max-width: 600px) 100vw, 600px\" \/><br><br>De um quarto para uma garagem e de uma garagem para um espa\u00e7o comercial.<br><br>Em 1992 faz\u00edamos assemblagem de computadores e projectos multim\u00e9dia inovadores.<br><br>Em 1997 iniciamos a viagem que ainda decorre. Uma viagem feita de muitos passos e muitas mudan\u00e7as.<br><br>No in\u00edcio era a assemblagem de computadores e a venda de suportes digitais o nosso foco. Com o tempo mudamos o foco, especializando-nos na gest\u00e3o de redes e infraestrutura. Desde a cablagem, servidores e switch at\u00e9 \u00e0 gest\u00e3o de toda a rede.<br><br>Especializados em software Microsoft, gerimos infraestruturas Windows Server na autentica\u00e7\u00e3o de utilizadores e na gest\u00e3o de armazenamento.<br><br>De forma f\u00edsica ou virtual estamos preparados para o ajudar a crescer.<br><br>As certifica\u00e7\u00f5es em Windows Server, Windows Client, Windows Azure e Office 365 permitem-nos desenhar para si solu\u00e7\u00f5es simples e integradas. Tudo chave na m\u00e3o.<br><br>Deixe connosco a gest\u00e3o da sua infraestrutura e direcione o seu esfor\u00e7o para o que mais interessa: o crescimento do seu neg\u00f3cio.<br><br>N\u00f3s estamos aqui para o ajudar.<\/p>\n","protected":false},"excerpt":{"rendered":"<p>De um quarto para uma garagem e de uma garagem para um espa\u00e7o comercial. Em 1992 faz\u00edamos assemblagem de computadores e projectos multim\u00e9dia inovadores. Em 1997 iniciamos a viagem que ainda decorre. Uma viagem feita de muitos passos e muitas mudan\u00e7as. No in\u00edcio era a assemblagem de computadores e a venda de suportes digitais o [&hellip;]<\/p>\n","protected":false},"author":1,"featured_media":0,"parent":0,"menu_order":0,"comment_status":"closed","ping_status":"open","template":"","meta":{"footnotes":""},"class_list":["post-2","page","type-page","status-publish","hentry"],"_links":{"self":[{"href":"https:\/\/www.jfo.pt\/jfo.pt\/wp-json\/wp\/v2\/pages\/2","targetHints":{"allow":["GET"]}}],"collection":[{"href":"https:\/\/www.jfo.pt\/jfo.pt\/wp-json\/wp\/v2\/pages"}],"about":[{"href":"https:\/\/www.jfo.pt\/jfo.pt\/wp-json\/wp\/v2\/types\/page"}],"author":[{"embeddable":true,"href":"https:\/\/www.jfo.pt\/jfo.pt\/wp-json\/wp\/v2\/users\/1"}],"replies":[{"embeddable":true,"href":"https:\/\/www.jfo.pt\/jfo.pt\/wp-json\/wp\/v2\/comments?post=2"}],"version-history":[{"count":6,"href":"https:\/\/www.jfo.pt\/jfo.pt\/wp-json\/wp\/v2\/pages\/2\/revisions"}],"predecessor-version":[{"id":54,"href":"https:\/\/www.jfo.pt\/jfo.pt\/wp-json\/wp\/v2\/pages\/2\/revisions\/54"}],"wp:attachment":[{"href":"https:\/\/www.jfo.pt\/jfo.pt\/wp-json\/wp\/v2\/media?parent=2"}],"curies":[{"name":"wp","href":"https:\/\/api.w.org\/{rel}","templated":true}]}}